{"id":3238,"date":"2023-04-14T10:56:48","date_gmt":"2023-04-14T09:56:48","guid":{"rendered":"http:\/\/www.voixeditions.com\/?post_type=product&#038;p=3238"},"modified":"2023-04-14T10:58:54","modified_gmt":"2023-04-14T09:58:54","slug":"lydie-planas-2","status":"publish","type":"product","link":"https:\/\/www.voixeditions.com\/?product=lydie-planas-2","title":{"rendered":"Lydie Planas"},"content":{"rendered":"<p>\u00ab\u00a0\u00e0 l&rsquo;\u00eatre sismographe<br \/>\n\u00e0 Richard Meier\u00a0\u00bb\u00a0\u00bb<\/p>\n","protected":false},"excerpt":{"rendered":"<p>\u00ab\u00a0\u00e0 l&rsquo;\u00eatre sismographe \u00e0 Richard Meier\u00a0\u00bb\u00a0\u00bb<\/p>\n","protected":false},"featured_media":3239,"template":"","meta":[],"product_brand":[],"product_cat":[935,934],"product_tag":[966,1043,1045,970,1042,230],"class_list":{"0":"post-3238","1":"product","2":"type-product","3":"status-publish","4":"has-post-thumbnail","6":"product_cat-nouveautes","7":"product_cat-poesie-image","8":"product_tag-livre","9":"product_tag-lydie-planas","10":"product_tag-planas","11":"product_tag-richard-meier","12":"product_tag-torcatis","13":"product_tag-voix-editions","15":"first","16":"instock","17":"shipping-taxable","18":"purchasable","19":"product-type-simple"},"_links":{"self":[{"href":"https:\/\/www.voixeditions.com\/index.php?rest_route=\/wp\/v2\/product\/3238","targetHints":{"allow":["GET"]}}],"collection":[{"href":"https:\/\/www.voixeditions.com\/index.php?rest_route=\/wp\/v2\/product"}],"about":[{"href":"https:\/\/www.voixeditions.com\/index.php?rest_route=\/wp\/v2\/types\/product"}],"wp:featuredmedia":[{"embeddable":true,"href":"https:\/\/www.voixeditions.com\/index.php?rest_route=\/wp\/v2\/media\/3239"}],"wp:attachment":[{"href":"https:\/\/www.voixeditions.com\/index.php?rest_route=%2Fwp%2Fv2%2Fmedia&parent=3238"}],"wp:term":[{"taxonomy":"product_brand","embeddable":true,"href":"https:\/\/www.voixeditions.com\/index.php?rest_route=%2Fwp%2Fv2%2Fproduct_brand&post=3238"},{"taxonomy":"product_cat","embeddable":true,"href":"https:\/\/www.voixeditions.com\/index.php?rest_route=%2Fwp%2Fv2%2Fproduct_cat&post=3238"},{"taxonomy":"product_tag","embeddable":true,"href":"https:\/\/www.voixeditions.com\/index.php?rest_route=%2Fwp%2Fv2%2Fproduct_tag&post=3238"}],"curies":[{"name":"wp","href":"https:\/\/api.w.org\/{rel}","templated":true}]}}