{"id":3046,"date":"2021-02-11T17:52:29","date_gmt":"2021-02-11T16:52:29","guid":{"rendered":"http:\/\/www.voixeditions.com\/?post_type=product&#038;p=3046"},"modified":"2023-07-04T10:24:16","modified_gmt":"2023-07-04T09:24:16","slug":"sophie-meier","status":"publish","type":"product","link":"https:\/\/www.voixeditions.com\/?product=sophie-meier","title":{"rendered":"Sophie Meier"},"content":{"rendered":"<p>SKIMAU<br class=\"\" \/>une collection<br class=\"\" \/><br class=\"\" \/>Tout un monde<br class=\"\" \/>Une glaciation<br class=\"\" \/><br class=\"\" \/>Un d\u00e9luge de personnes<br class=\"\" \/>en train de fondre<br class=\"\" \/><br class=\"\" \/>En pleine lumi\u00e8re<br class=\"\" \/>En sc\u00e8ne<br class=\"\" \/>Trop de lumi\u00e8re<br class=\"\" \/><br class=\"\" \/>\u201cRosenbl\u00fctchen la belle enfant<br class=\"\" \/>est devenue soudain aveugle<br class=\"\" \/>comme si de rien n\u2019\u00e9tait<br class=\"\" \/>elle m\u2019a donn\u00e9 l\u2019ordre d\u2019aller \u00e0 vous\u201d *<br class=\"\" \/><br class=\"\" \/>Tout de notre monde<br class=\"\" \/>\u2014 une revue \u2014<br class=\"\" \/><br class=\"\" \/>* Caviardage de fragments de Novalis<br class=\"\" \/><br class=\"\" \/><br class=\"\" \/>Skimau :\u00a0<a class=\"\" href=\"https:\/\/www.instagram.com\/skimau_\/?hl=fr\">https:\/\/www.instagram.com\/skimau_\/?hl=fr<\/a><\/p>\n","protected":false},"excerpt":{"rendered":"<p>SKIMAUune collectionTout un mondeUne glaciationUn d\u00e9luge de personnesen train de fondreEn pleine lumi\u00e8reEn sc\u00e8neTrop de lumi\u00e8re\u201cRosenbl\u00fctchen la belle enfantest devenue soudain aveuglecomme si de rien n\u2019\u00e9taitelle m\u2019a donn\u00e9 l\u2019ordre d\u2019aller \u00e0 vous\u201d *Tout de notre monde\u2014 une revue \u2014* Caviardage de fragments de NovalisSkimau :\u00a0https:\/\/www.instagram.com\/skimau_\/?hl=fr<\/p>\n","protected":false},"featured_media":3054,"template":"","meta":[],"product_brand":[],"product_cat":[935,1001,934],"product_tag":[1004,213],"class_list":{"0":"post-3046","1":"product","2":"type-product","3":"status-publish","4":"has-post-thumbnail","6":"product_cat-nouveautes","7":"product_cat-photo","8":"product_cat-poesie-image","9":"product_tag-skimau","10":"product_tag-sophie-meier","12":"first","13":"instock","14":"shipping-taxable","15":"purchasable","16":"product-type-simple"},"_links":{"self":[{"href":"https:\/\/www.voixeditions.com\/index.php?rest_route=\/wp\/v2\/product\/3046","targetHints":{"allow":["GET"]}}],"collection":[{"href":"https:\/\/www.voixeditions.com\/index.php?rest_route=\/wp\/v2\/product"}],"about":[{"href":"https:\/\/www.voixeditions.com\/index.php?rest_route=\/wp\/v2\/types\/product"}],"wp:featuredmedia":[{"embeddable":true,"href":"https:\/\/www.voixeditions.com\/index.php?rest_route=\/wp\/v2\/media\/3054"}],"wp:attachment":[{"href":"https:\/\/www.voixeditions.com\/index.php?rest_route=%2Fwp%2Fv2%2Fmedia&parent=3046"}],"wp:term":[{"taxonomy":"product_brand","embeddable":true,"href":"https:\/\/www.voixeditions.com\/index.php?rest_route=%2Fwp%2Fv2%2Fproduct_brand&post=3046"},{"taxonomy":"product_cat","embeddable":true,"href":"https:\/\/www.voixeditions.com\/index.php?rest_route=%2Fwp%2Fv2%2Fproduct_cat&post=3046"},{"taxonomy":"product_tag","embeddable":true,"href":"https:\/\/www.voixeditions.com\/index.php?rest_route=%2Fwp%2Fv2%2Fproduct_tag&post=3046"}],"curies":[{"name":"wp","href":"https:\/\/api.w.org\/{rel}","templated":true}]}}