{"id":2749,"date":"2018-07-16T19:18:41","date_gmt":"2018-07-16T18:18:41","guid":{"rendered":"http:\/\/www.voixeditions.com\/?post_type=product&#038;p=2749"},"modified":"2023-07-04T10:24:31","modified_gmt":"2023-07-04T09:24:31","slug":"richard-meier-8","status":"publish","type":"product","link":"https:\/\/www.voixeditions.com\/?product=richard-meier-8","title":{"rendered":"Richard Meier"},"content":{"rendered":"<p>\u00ab\u00a0G\u00e9ographie du livre, rassemble une petite partie des livres \u00e9dit\u00e9s<br \/>\npourVoix, biff\u00e9 \u00e0 l\u2019occasion pour souligner la singularit\u00e9 de choix<br \/>\npersonnels. C\u2019est toute l\u2019histoire de ces livres, dans le temps de<br \/>\nfabrication et la mise au point progressive d\u2019un univers faisant la<br \/>\npart belle aux journaux,\u00e0 la cartographie,aux plans et \u00e0 la mise en<br \/>\nespace des textes et des images.Les carnets pr\u00e9sent\u00e9s ici sont autant<br \/>\nd\u2019essais pr\u00e9cisant souvent les lignes de perspective de livres \u00e0 venir.<br \/>\nSophie et David Meier ont ouvert pour l\u2019occasion la route vers de<br \/>\nbelles contr\u00e9es\u00a0\u00bb.<br \/>\n\u201cPage, paysages, dans leurs dispositifs litt\u00e9raux, leurs reliefs ou pentes<br \/>\nd\u2019\u00e9criture, les pages peuvent se contempler comme des paysages ; et les<br \/>\npaysages \u00e0 leur tour, \u00e0 travers leurs configurations sensorielles, leur<br \/>\nlogique, leur ordre secret, se comprendre, se lire comme autant de pages\u201d.<br \/>\nJean-Pierre Richard, in Pages Paysages Microlectures II<\/p>\n","protected":false},"excerpt":{"rendered":"<p>\u00ab\u00a0G\u00e9ographie du livre, rassemble une petite partie des livres \u00e9dit\u00e9s pourVoix, biff\u00e9 \u00e0 l\u2019occasion pour souligner la singularit\u00e9 de choix personnels. C\u2019est toute l\u2019histoire de ces livres, dans le temps de fabrication et la mise au point progressive d\u2019un univers faisant la part belle aux journaux,\u00e0 la cartographie,aux plans et \u00e0 la mise en espace des textes et des images.Les [&hellip;]<\/p>\n","protected":false},"featured_media":2753,"template":"","meta":[],"product_brand":[],"product_cat":[810,935,934,28,110,32,26,34,30],"product_tag":[],"class_list":{"0":"post-2749","1":"product","2":"type-product","3":"status-publish","4":"has-post-thumbnail","6":"product_cat-10_livre-levre","7":"product_cat-nouveautes","8":"product_cat-poesie-image","9":"product_cat-3_chantiers-du-temps","10":"product_cat-6_dessins","11":"product_cat-1_poesie","12":"product_cat-7_primitiv-voix","13":"product_cat-5_vents-contraires","14":"product_cat-4_voir-comme-on-pense","15":"product_shipping_class-france","17":"first","18":"instock","19":"shipping-taxable","20":"purchasable","21":"product-type-simple"},"_links":{"self":[{"href":"https:\/\/www.voixeditions.com\/index.php?rest_route=\/wp\/v2\/product\/2749","targetHints":{"allow":["GET"]}}],"collection":[{"href":"https:\/\/www.voixeditions.com\/index.php?rest_route=\/wp\/v2\/product"}],"about":[{"href":"https:\/\/www.voixeditions.com\/index.php?rest_route=\/wp\/v2\/types\/product"}],"wp:featuredmedia":[{"embeddable":true,"href":"https:\/\/www.voixeditions.com\/index.php?rest_route=\/wp\/v2\/media\/2753"}],"wp:attachment":[{"href":"https:\/\/www.voixeditions.com\/index.php?rest_route=%2Fwp%2Fv2%2Fmedia&parent=2749"}],"wp:term":[{"taxonomy":"product_brand","embeddable":true,"href":"https:\/\/www.voixeditions.com\/index.php?rest_route=%2Fwp%2Fv2%2Fproduct_brand&post=2749"},{"taxonomy":"product_cat","embeddable":true,"href":"https:\/\/www.voixeditions.com\/index.php?rest_route=%2Fwp%2Fv2%2Fproduct_cat&post=2749"},{"taxonomy":"product_tag","embeddable":true,"href":"https:\/\/www.voixeditions.com\/index.php?rest_route=%2Fwp%2Fv2%2Fproduct_tag&post=2749"}],"curies":[{"name":"wp","href":"https:\/\/api.w.org\/{rel}","templated":true}]}}

<p>« Géographie du livre, rassemble une petite partie des livres édités<br />
pourVoix, biffé à l’occasion pour souligner la singularité de choix<br />
personnels. C’est toute l’histoire de ces livres, dans le temps de<br />
fabrication et la mise au point progressive d’un univers faisant la<br />
part belle aux journaux,à la cartographie,aux plans et à la mise en<br />
espace des textes et des images.Les carnets présentés ici sont autant<br />
d’essais précisant souvent les lignes de perspective de livres à venir.<br />
Sophie et David Meier ont ouvert pour l’occasion la route vers de<br />
belles contrées ».<br />
“Page, paysages, dans leurs dispositifs littéraux, leurs reliefs ou pentes<br />
d’écriture, les pages peuvent se contempler comme des paysages ; et les<br />
paysages à leur tour, à travers leurs configurations sensorielles, leur<br />
logique, leur ordre secret, se comprendre, se lire comme autant de pages”.<br />
Jean-Pierre Richard, in Pages Paysages Microlectures II</p>

<p>« Géographie du livre, rassemble une petite partie des livres édités pourVoix, biffé à l’occasion pour souligner la singularité de choix personnels. C’est toute l’histoire de ces livres, dans le temps de fabrication et la mise au point progressive d’un univers faisant la part belle aux journaux,à la cartographie,aux plans et à la mise en espace des textes et des images.Les [&hellip;]</p>
