{"id":1869,"date":"2014-03-05T15:07:36","date_gmt":"2014-03-05T14:07:36","guid":{"rendered":"http:\/\/www.voixeditions.com\/newsite\/?post_type=product&#038;p=1869"},"modified":"2023-07-04T10:47:31","modified_gmt":"2023-07-04T09:47:31","slug":"scanreigh-jean-marc","status":"publish","type":"product","link":"https:\/\/www.voixeditions.com\/?product=scanreigh-jean-marc","title":{"rendered":"SCANREIGH Jean-Marc"},"content":{"rendered":"","protected":false},"excerpt":{"rendered":"<p><strong>\u00ab\u00a0Aux types, aux caract\u00e8res\u00a0\u00bb &#8211; 1989<\/strong><\/p>\n<p>Recueil de 97 dessins de Jean-Marc Scanreigh sous jaquette \u00e0 rabats en carton avec titre, illustration, et deuxi\u00e8me rabat incluant un d\u00e9pliant en 3 volets avec le texte-manifeste de la collection Voir comme on pense. 9 hypoth\u00e8ses pour lancer une collection de B. Goetz, dat\u00e9 de Nancy, janvier 89.<br \/>\n200 pages dont 8 pages de titre sur carton reli\u00e9es \u00e0 la chinoise et 192 pages de dessins en noir et blanc, imprim\u00e9es sur papier offset en alugraphie par l&rsquo;\u00e9diteur<br \/>\nTirage \u00e0 250 exemplaires non justifi\u00e9s, et 20 exemplaires H.C. num\u00e9rot\u00e9s de I\/XX \u00e0 XX\/XX, orn\u00e9s d&rsquo;un dessin original \u00e0 l&rsquo;encre noire sur V\u00e9lin d&rsquo;Arches blanc non reli\u00e9 ; les exemplaires H.C. sont sign\u00e9s par l&rsquo;artiste ainsi qu&rsquo;une trentaine de l&rsquo;\u00e9dition courante.<\/p>\n","protected":false},"featured_media":1872,"template":"","meta":[],"product_brand":[],"product_cat":[30],"product_tag":[963,493,492,66,977,498,109,114,115,139,494,967,976,968,969,970,495,225,230,972],"class_list":{"0":"post-1869","1":"product","2":"type-product","3":"status-publish","4":"has-post-thumbnail","6":"product_cat-4_voir-comme-on-pense","7":"product_tag-artiste","8":"product_tag-aux-caracteres","9":"product_tag-aux-types","10":"product_tag-beaux-arts","11":"product_tag-carre-dart","12":"product_tag-carton","13":"product_tag-dessin","14":"product_tag-editions","15":"product_tag-elne","16":"product_tag-illustration","17":"product_tag-jean-marc-scanreigh","18":"product_tag-livre-dartiste","19":"product_tag-nimes","20":"product_tag-peinture","21":"product_tag-perpignan","22":"product_tag-richard-meier","23":"product_tag-scanreigh","24":"product_tag-vente","25":"product_tag-voix-editions","26":"product_tag-voix-editions-richard-meier","28":"first","29":"instock","30":"shipping-taxable","31":"purchasable","32":"product-type-simple"},"_links":{"self":[{"href":"https:\/\/www.voixeditions.com\/index.php?rest_route=\/wp\/v2\/product\/1869","targetHints":{"allow":["GET"]}}],"collection":[{"href":"https:\/\/www.voixeditions.com\/index.php?rest_route=\/wp\/v2\/product"}],"about":[{"href":"https:\/\/www.voixeditions.com\/index.php?rest_route=\/wp\/v2\/types\/product"}],"wp:featuredmedia":[{"embeddable":true,"href":"https:\/\/www.voixeditions.com\/index.php?rest_route=\/wp\/v2\/media\/1872"}],"wp:attachment":[{"href":"https:\/\/www.voixeditions.com\/index.php?rest_route=%2Fwp%2Fv2%2Fmedia&parent=1869"}],"wp:term":[{"taxonomy":"product_brand","embeddable":true,"href":"https:\/\/www.voixeditions.com\/index.php?rest_route=%2Fwp%2Fv2%2Fproduct_brand&post=1869"},{"taxonomy":"product_cat","embeddable":true,"href":"https:\/\/www.voixeditions.com\/index.php?rest_route=%2Fwp%2Fv2%2Fproduct_cat&post=1869"},{"taxonomy":"product_tag","embeddable":true,"href":"https:\/\/www.voixeditions.com\/index.php?rest_route=%2Fwp%2Fv2%2Fproduct_tag&post=1869"}],"curies":[{"name":"wp","href":"https:\/\/api.w.org\/{rel}","templated":true}]}}

<p><strong>« Aux types, aux caractères » &#8211; 1989</strong></p>
<p>Recueil de 97 dessins de Jean-Marc Scanreigh sous jaquette à rabats en carton avec titre, illustration, et deuxième rabat incluant un dépliant en 3 volets avec le texte-manifeste de la collection Voir comme on pense. 9 hypothèses pour lancer une collection de B. Goetz, daté de Nancy, janvier 89.<br />
200 pages dont 8 pages de titre sur carton reliées à la chinoise et 192 pages de dessins en noir et blanc, imprimées sur papier offset en alugraphie par l&rsquo;éditeur<br />
Tirage à 250 exemplaires non justifiés, et 20 exemplaires H.C. numérotés de I/XX à XX/XX, ornés d&rsquo;un dessin original à l&rsquo;encre noire sur Vélin d&rsquo;Arches blanc non relié ; les exemplaires H.C. sont signés par l&rsquo;artiste ainsi qu&rsquo;une trentaine de l&rsquo;édition courante.</p>
