{"id":1340,"date":"2014-02-15T17:21:41","date_gmt":"2014-02-15T16:21:41","guid":{"rendered":"http:\/\/www.voixeditions.com\/newsite\/?post_type=product&#038;p=1340"},"modified":"2014-02-26T16:57:10","modified_gmt":"2014-02-26T15:57:10","slug":"la-jambe-coupee-darthur-rimbaud","status":"publish","type":"product","link":"https:\/\/www.voixeditions.com\/?product=la-jambe-coupee-darthur-rimbaud","title":{"rendered":"ROGNET Richard &#8211; SIMON Alain"},"content":{"rendered":"","protected":false},"excerpt":{"rendered":"<h2>La jambe coup\u00e9e d&rsquo;Arthur Rimbaud<\/h2>\n<h3>Richard Rognet<br \/>\nAlain Simon<\/h3>\n<p>Proses de Richard Rognet<br \/>\nDessins d&rsquo;Alain Simon<\/p>\n<p>1997 &#8211; 68 pages<\/p>\n<p>Illustrations en alugraphie<br \/>\nTirage \u00e0 150 exemplaires num\u00e9rot\u00e9s de 1\/150 \u00e0 150\/150 sign\u00e9 par les auteurs ; 20 exemplaires de t\u00eate num\u00e9rot\u00e9s de I \u00e0 XX sont enrichis d&rsquo;un texte manuscrit de Richard Rognet et d&rsquo;un dessin original d&rsquo;Alain Simon<\/p>\n<h2><\/h2>\n","protected":false},"featured_media":1341,"template":"","meta":[],"product_brand":[],"product_cat":[26],"product_tag":[244,246,85,114,115,965,123,966,967,169,969,201,203,970,245,230,972],"class_list":{"0":"post-1340","1":"product","2":"type-product","3":"status-publish","4":"has-post-thumbnail","6":"product_cat-7_primitiv-voix","7":"product_tag-alain-simon","8":"product_tag-arthur-rimbaud","9":"product_tag-catalogue-raisonne","10":"product_tag-editions","11":"product_tag-elne","12":"product_tag-fireboox","13":"product_tag-fragmentaires","14":"product_tag-livre","15":"product_tag-livre-dartiste","16":"product_tag-metz","17":"product_tag-perpignan","18":"product_tag-poesie","19":"product_tag-poete","20":"product_tag-richard-meier","21":"product_tag-richard-rognet","22":"product_tag-voix-editions","23":"product_tag-voix-editions-richard-meier","25":"first","26":"instock","27":"shipping-taxable","28":"purchasable","29":"product-type-simple"},"_links":{"self":[{"href":"https:\/\/www.voixeditions.com\/index.php?rest_route=\/wp\/v2\/product\/1340","targetHints":{"allow":["GET"]}}],"collection":[{"href":"https:\/\/www.voixeditions.com\/index.php?rest_route=\/wp\/v2\/product"}],"about":[{"href":"https:\/\/www.voixeditions.com\/index.php?rest_route=\/wp\/v2\/types\/product"}],"wp:featuredmedia":[{"embeddable":true,"href":"https:\/\/www.voixeditions.com\/index.php?rest_route=\/wp\/v2\/media\/1341"}],"wp:attachment":[{"href":"https:\/\/www.voixeditions.com\/index.php?rest_route=%2Fwp%2Fv2%2Fmedia&parent=1340"}],"wp:term":[{"taxonomy":"product_brand","embeddable":true,"href":"https:\/\/www.voixeditions.com\/index.php?rest_route=%2Fwp%2Fv2%2Fproduct_brand&post=1340"},{"taxonomy":"product_cat","embeddable":true,"href":"https:\/\/www.voixeditions.com\/index.php?rest_route=%2Fwp%2Fv2%2Fproduct_cat&post=1340"},{"taxonomy":"product_tag","embeddable":true,"href":"https:\/\/www.voixeditions.com\/index.php?rest_route=%2Fwp%2Fv2%2Fproduct_tag&post=1340"}],"curies":[{"name":"wp","href":"https:\/\/api.w.org\/{rel}","templated":true}]}}