{"id":1295,"date":"2014-02-27T08:56:46","date_gmt":"2014-02-27T07:56:46","guid":{"rendered":"http:\/\/www.voixeditions.com\/newsite\/?page_id=1295"},"modified":"2014-06-25T14:25:54","modified_gmt":"2014-06-25T13:25:54","slug":"fireboox","status":"publish","type":"page","link":"https:\/\/www.voixeditions.com\/?page_id=1295","title":{"rendered":"fireboox"},"content":{"rendered":"[spb_text_block pb_margin_bottom=\u00a0\u00bbno\u00a0\u00bb pb_border_bottom=\u00a0\u00bbno\u00a0\u00bb width=\u00a0\u00bb1\/1&Prime; el_position=\u00a0\u00bbfirst last\u00a0\u00bb]\n<h1 style=\"text-align: center;\"><\/h1>\n<h1 style=\"text-align: center;\">FIREBOOX<\/h1>\n[\/spb_text_block] [spb_single_image image=\u00a0\u00bb2244&Prime; image_size=\u00a0\u00bbfull\u00a0\u00bb frame=\u00a0\u00bbnoframe\u00a0\u00bb full_width=\u00a0\u00bbyes\u00a0\u00bb lightbox=\u00a0\u00bbno\u00a0\u00bb link_target=\u00a0\u00bb_self\u00a0\u00bb width=\u00a0\u00bb1\/1&Prime; el_position=\u00a0\u00bbfirst last\u00a0\u00bb] [spb_parallax bg_image=\u00a0\u00bb2224&Prime; bg_type=\u00a0\u00bbcover\u00a0\u00bb alt_background=\u00a0\u00bbnone\u00a0\u00bb width=\u00a0\u00bb1\/1&Prime; el_position=\u00a0\u00bbfirst last\u00a0\u00bb]\n<p><img loading=\"lazy\" decoding=\"async\" class=\"alignnone  wp-image-2240\" alt=\"spacer\" src=\"http:\/\/www.voixeditions.com\/newsite\/wp-content\/uploads\/2014\/02\/spacer.gif\" width=\"300\" height=\"500\" \/>.<\/p>\n[\/spb_parallax] [blank_spacer height=\u00a0\u00bb100px\u00a0\u00bb width=\u00a0\u00bb1\/1&Prime; el_position=\u00a0\u00bbfirst last\u00a0\u00bb] [codesnippet pb_margin_bottom=\u00a0\u00bbno\u00a0\u00bb width=\u00a0\u00bb1\/1&Prime; el_position=\u00a0\u00bbfirst last\u00a0\u00bb]\n<p><strong>Richard<\/strong>\u00a0: lors d\u2019un d\u00eener anim\u00e9 en compagnie de nombreux acteurs du monde de l\u2019art,\u2019\u00e9crivains,conservateurs de mus\u00e9es, artistes \u2013 me demandant ce que j\u2019allais faire prochainement je d\u00e9crivais ce que j\u2019allais r\u00e9aliser 2 mois plus tard, cherchant l\u2019occasion et l\u2019artiste pour l\u2019\u00e9v\u00e9nement \u2013 par cela je voulais aller vers le petit ne pas parler d\u2019un gros projet, \u00e9tant en m\u00eame temps en train de r\u00e9aliser un important volume consacr\u00e9 \u00e0 john cage \u2013 travail d\u2019un an \u2013 ces fireboox allaient m\u2019offrir un espace de la promptitude \u2013 mais aussi d\u2019une \u00ab\u00a0adresse\u00a0\u00bb directe au regardeur; ce qui fait le succ\u00e8s des meilleures boites \u2013 je pense \u00e0 ce que l\u2019on nomme la po\u00e9sie de circonstance. Pour cela la premi\u00e8re fois command\u00e9e \u00e0 Roger Cosme Est\u00e8ve fut r\u00e9alis\u00e9 pour\/dans le cadre des toromachies de Ceret (c\u00e9l\u00e8bre par son mus\u00e9e d\u2019art moderne \u2013 picasso y fit de tr\u00e8s belle c\u00e9ramique-toromachique) Toro de fuego fut imm\u00e9diatement tir\u00e9 \u00e0 plus de 700 exemplaires et dans des boites \u00ab\u00a0normales\u00a0\u00bb c\u2019\u00e9tait un d\u00e9tournement fuego aussi comme exc\u00e9s d\u2019amour. ce d\u00e9tournement choquant (il y avait des footballeurs sur les premi\u00e8res boites \u2013 roger cosme est\u00e8ve peint des fond noir et grattait un toro de feu, ce furent ce que l\u2019on appelle des exemplaires de t\u00eate \u2013 mais \u00e0 tr\u00e8s bas prix<\/p>\n[\/codesnippet] [blank_spacer height=\u00a0\u00bb100px\u00a0\u00bb width=\u00a0\u00bb1\/1&Prime; el_position=\u00a0\u00bbfirst last\u00a0\u00bb] [spb_parallax bg_image=\u00a0\u00bb1300&Prime; bg_type=\u00a0\u00bbcover\u00a0\u00bb alt_background=\u00a0\u00bbnone\u00a0\u00bb width=\u00a0\u00bb1\/1&Prime; el_position=\u00a0\u00bbfirst last\u00a0\u00bb]\n<p style=\"text-align: center;\">.<\/p>\n<h1 style=\"text-align: center;\"><span style=\"color: #ffffff;\">FIREBOOX<\/span><\/h1>\n<h2 style=\"text-align: center;\"><span style=\"color: #ffffff;\">Comment est n\u00e9e l\u2019id\u00e9e des Fireboox ? (qui, quand, comment, le principe\u2026)<\/span><\/h2>\n<h2 style=\"text-align: center;\"><span style=\"color: #ffffff;\"><strong>Sophie<\/strong>\u00a0: Une bo\u00eete d\u2019allumettes \/\/ est le lieu\/r\u00e9ceptacle m\u00eame du livre \/\/ o\u00f9 se joue une pi\u00e8ce pli\u00e9e en accord\u00e9on (Leporello) qui d\u00e9roule\/d\u00e9ploie le travail de chaque invit\u00e9. Cette nouvelle offre d\u2019inscription pens\u00e9e et cr\u00e9\u00e9e par l\u2019Editeur\u00a0<em>Richard Meier<\/em>\u00a0\/\u00a0<strong><a href=\"http:\/\/www.voixeditions.com\/\"><span style=\"color: #ffffff;\">voixeditions<\/span><\/a><\/strong>\u00a0trouve ici un nouveau public.<\/span> <span style=\"color: #ffffff;\"> c\u2019est Richard qui est \u00e0 l\u2019initiative de ce merveilleux projet. Il a pens\u00e9 et cr\u00e9\u00e9 cette collection, co-dirig\u00e9e et \u00e9largie aujourd\u2019hui par moi-m\u00eame\u00a0<strong><a href=\"http:\/\/www.cosyworks.com\/\"><span style=\"color: #ffffff;\">CosyWorks<\/span><\/a>\u00a0<\/strong>\u00e0 Pau.<\/span><\/h2>\n<p>&nbsp;<\/p>\n<p style=\"text-align: center;\">.<\/p>\n[\/spb_parallax] [blank_spacer height=\u00a0\u00bb30px\u00a0\u00bb width=\u00a0\u00bb1\/1&Prime; el_position=\u00a0\u00bbfirst last\u00a0\u00bb] [impact_text include_button=\u00a0\u00bbyes\u00a0\u00bb button_style=\u00a0\u00bbstandard\u00a0\u00bb title=\u00a0\u00bbA d\u00e9couvrir sur www.fireboox.fr\u00a0\u00bb href=\u00a0\u00bbhttp:\/\/www.fireboox.fr\u00a0\u00bb color=\u00a0\u00bbaccent\u00a0\u00bb size=\u00a0\u00bblarge\u00a0\u00bb type=\u00a0\u00bbslightlyrounded\u00a0\u00bb target=\u00a0\u00bb_blank\u00a0\u00bb position=\u00a0\u00bbcta_align_bottom\u00a0\u00bb alt_background=\u00a0\u00bbnone\u00a0\u00bb width=\u00a0\u00bb1\/1&Prime; el_position=\u00a0\u00bbfirst last\u00a0\u00bb]\n<p style=\"text-align: center;\">.<\/p>\n[\/impact_text] [blank_spacer height=\u00a0\u00bb100px\u00a0\u00bb width=\u00a0\u00bb1\/1&Prime; el_position=\u00a0\u00bbfirst last\u00a0\u00bb]\n","protected":false},"excerpt":{"rendered":"<p>[spb_text_block pb_margin_bottom=\u00a0\u00bbno\u00a0\u00bb pb_border_bottom=\u00a0\u00bbno\u00a0\u00bb width=\u00a0\u00bb1\/1&Prime; el_position=\u00a0\u00bbfirst last\u00a0\u00bb] FIREBOOX [\/spb_text_block] [spb_single_image image=\u00a0\u00bb2244&Prime; image_size=\u00a0\u00bbfull\u00a0\u00bb frame=\u00a0\u00bbnoframe\u00a0\u00bb full_width=\u00a0\u00bbyes\u00a0\u00bb lightbox=\u00a0\u00bbno\u00a0\u00bb link_target=\u00a0\u00bb_self\u00a0\u00bb width=\u00a0\u00bb1\/1&Prime; el_position=\u00a0\u00bbfirst last\u00a0\u00bb] [spb_parallax bg_image=\u00a0\u00bb2224&Prime; bg_type=\u00a0\u00bbcover\u00a0\u00bb alt_background=\u00a0\u00bbnone\u00a0\u00bb width=\u00a0\u00bb1\/1&Prime; el_position=\u00a0\u00bbfirst last\u00a0\u00bb] . [\/spb_parallax] [blank_spacer height=\u00a0\u00bb100px\u00a0\u00bb width=\u00a0\u00bb1\/1&Prime; el_position=\u00a0\u00bbfirst last\u00a0\u00bb] [codesnippet pb_margin_bottom=\u00a0\u00bbno\u00a0\u00bb width=\u00a0\u00bb1\/1&Prime; el_position=\u00a0\u00bbfirst last\u00a0\u00bb] Richard\u00a0: lors d\u2019un d\u00eener anim\u00e9 en compagnie de nombreux acteurs du monde de l\u2019art,\u2019\u00e9crivains,conservateurs de mus\u00e9es, artistes \u2013 me demandant ce que j\u2019allais [&hellip;]<\/p>\n","protected":false},"author":1,"featured_media":0,"parent":0,"menu_order":0,"comment_status":"open","ping_status":"open","template":"","meta":{"footnotes":""},"class_list":["post-1295","page","type-page","status-publish","hentry"],"_links":{"self":[{"href":"https:\/\/www.voixeditions.com\/index.php?rest_route=\/wp\/v2\/pages\/1295","targetHints":{"allow":["GET"]}}],"collection":[{"href":"https:\/\/www.voixeditions.com\/index.php?rest_route=\/wp\/v2\/pages"}],"about":[{"href":"https:\/\/www.voixeditions.com\/index.php?rest_route=\/wp\/v2\/types\/page"}],"author":[{"embeddable":true,"href":"https:\/\/www.voixeditions.com\/index.php?rest_route=\/wp\/v2\/users\/1"}],"replies":[{"embeddable":true,"href":"https:\/\/www.voixeditions.com\/index.php?rest_route=%2Fwp%2Fv2%2Fcomments&post=1295"}],"version-history":[{"count":55,"href":"https:\/\/www.voixeditions.com\/index.php?rest_route=\/wp\/v2\/pages\/1295\/revisions"}],"predecessor-version":[{"id":2281,"href":"https:\/\/www.voixeditions.com\/index.php?rest_route=\/wp\/v2\/pages\/1295\/revisions\/2281"}],"wp:attachment":[{"href":"https:\/\/www.voixeditions.com\/index.php?rest_route=%2Fwp%2Fv2%2Fmedia&parent=1295"}],"curies":[{"name":"wp","href":"https:\/\/api.w.org\/{rel}","templated":true}]}}