{"id":493,"date":"2013-02-15T07:48:20","date_gmt":"2013-02-15T06:48:20","guid":{"rendered":"http:\/\/www.voixeditions.com\/wordpress\/?post_type=product&#038;p=493"},"modified":"2014-06-29T14:38:41","modified_gmt":"2014-06-29T13:38:41","slug":"van-der-linden-a-bertin-j","status":"publish","type":"product","link":"http:\/\/www.voixeditions.com\/?product=van-der-linden-a-bertin-j","title":{"rendered":"VAN DER LINDEN A., BERTIN J."},"content":{"rendered":"","protected":false},"excerpt":{"rendered":"<p>\u00ab\u00a0Histoire d&rsquo;Os\u00a0\u00bb &#8211; 2009 &#8211; 96 pages n&amp;b<br \/>\ndessins de Anne van der Linden \/ po\u00e8mes de J\u00e9r\u00f4me Bertin<\/p>\n<p>\u00ab\u00a0Histoire d&rsquo;os\u00a0\u00bb a \u00e9t\u00e9 fabriqu\u00e9 entre novembre 2008 et janvier 2009 sous forme d&rsquo;une horrible correspondance entre Anne van der Linden et J\u00e9rome Bertin. L&rsquo;un envoyait \u00e0 l&rsquo;autre un texte qui y r\u00e9agissait par un dessin et vice-versa. Ceci aurait pu durer longtemps sans les contraintes \u00e9ditoriales ou la lassitude \u00e9ventuelle des 2 protagonistes.\u00a0\u00bb<\/p>\n","protected":false},"featured_media":1622,"template":"","meta":[],"product_brand":[],"product_cat":[32],"product_tag":[66,73,109,114,115,281,139,966,967,968,969,196,201,203,970,971,224,225,230,972],"class_list":{"0":"post-493","1":"product","2":"type-product","3":"status-publish","4":"has-post-thumbnail","6":"product_cat-1_poesie","7":"product_tag-beaux-arts","8":"product_tag-bertin-j","9":"product_tag-dessin","10":"product_tag-editions","11":"product_tag-elne","12":"product_tag-histoire-dos","13":"product_tag-illustration","14":"product_tag-livre","15":"product_tag-livre-dartiste","16":"product_tag-peinture","17":"product_tag-perpignan","18":"product_tag-photo","19":"product_tag-poesie","20":"product_tag-poete","21":"product_tag-richard-meier","22":"product_tag-texte","23":"product_tag-van-der-linden-a","24":"product_tag-vente","25":"product_tag-voix-editions","26":"product_tag-voix-editions-richard-meier","28":"first","29":"instock","30":"shipping-taxable","31":"purchasable","32":"product-type-simple"},"_links":{"self":[{"href":"http:\/\/www.voixeditions.com\/index.php?rest_route=\/wp\/v2\/product\/493","targetHints":{"allow":["GET"]}}],"collection":[{"href":"http:\/\/www.voixeditions.com\/index.php?rest_route=\/wp\/v2\/product"}],"about":[{"href":"http:\/\/www.voixeditions.com\/index.php?rest_route=\/wp\/v2\/types\/product"}],"wp:featuredmedia":[{"embeddable":true,"href":"http:\/\/www.voixeditions.com\/index.php?rest_route=\/wp\/v2\/media\/1622"}],"wp:attachment":[{"href":"http:\/\/www.voixeditions.com\/index.php?rest_route=%2Fwp%2Fv2%2Fmedia&parent=493"}],"wp:term":[{"taxonomy":"product_brand","embeddable":true,"href":"http:\/\/www.voixeditions.com\/index.php?rest_route=%2Fwp%2Fv2%2Fproduct_brand&post=493"},{"taxonomy":"product_cat","embeddable":true,"href":"http:\/\/www.voixeditions.com\/index.php?rest_route=%2Fwp%2Fv2%2Fproduct_cat&post=493"},{"taxonomy":"product_tag","embeddable":true,"href":"http:\/\/www.voixeditions.com\/index.php?rest_route=%2Fwp%2Fv2%2Fproduct_tag&post=493"}],"curies":[{"name":"wp","href":"https:\/\/api.w.org\/{rel}","templated":true}]}}

<p>« Histoire d&rsquo;Os » &#8211; 2009 &#8211; 96 pages n&amp;b<br />
dessins de Anne van der Linden / poèmes de Jérôme Bertin</p>
<p>« Histoire d&rsquo;os » a été fabriqué entre novembre 2008 et janvier 2009 sous forme d&rsquo;une horrible correspondance entre Anne van der Linden et Jérome Bertin. L&rsquo;un envoyait à l&rsquo;autre un texte qui y réagissait par un dessin et vice-versa. Ceci aurait pu durer longtemps sans les contraintes éditoriales ou la lassitude éventuelle des 2 protagonistes. »</p>
