{"id":448,"date":"2013-02-15T09:26:38","date_gmt":"2013-02-15T08:26:38","guid":{"rendered":"http:\/\/www.voixeditions.com\/wordpress\/?post_type=product&#038;p=448"},"modified":"2023-07-04T10:43:26","modified_gmt":"2023-07-04T09:43:26","slug":"alexandre-bonnier","status":"publish","type":"product","link":"http:\/\/www.voixeditions.com\/?product=alexandre-bonnier","title":{"rendered":"BONNIER Alexandre"},"content":{"rendered":"","protected":false},"excerpt":{"rendered":"<p>\u00ab\u00a0Alexandre Bonnier, peintre et \u00e9crivain, 1932-1992\u00a0\u00bb<br \/>\nPar Fr\u00e9d\u00e9ric Valabr\u00e8gue et Bernard Lattay<br \/>\n1994 &#8211; 160 pages<\/p>\n","protected":false},"featured_media":1600,"template":"","meta":[],"product_brand":[],"product_cat":[934],"product_tag":[38,39,66,109,114,115,139,151,966,967,968,969,201,970,971,222,225,230,972],"class_list":{"0":"post-448","1":"product","2":"type-product","3":"status-publish","4":"has-post-thumbnail","6":"product_cat-poesie-image","7":"product_tag-alexandre","8":"product_tag-alexandre-bonnier","9":"product_tag-beaux-arts","10":"product_tag-dessin","11":"product_tag-editions","12":"product_tag-elne","13":"product_tag-illustration","14":"product_tag-lattay-bernard","15":"product_tag-livre","16":"product_tag-livre-dartiste","17":"product_tag-peinture","18":"product_tag-perpignan","19":"product_tag-poesie","20":"product_tag-richard-meier","21":"product_tag-texte","22":"product_tag-vallabregue-frederic","23":"product_tag-vente","24":"product_tag-voix-editions","25":"product_tag-voix-editions-richard-meier","27":"first","28":"instock","29":"shipping-taxable","30":"purchasable","31":"product-type-simple"},"_links":{"self":[{"href":"http:\/\/www.voixeditions.com\/index.php?rest_route=\/wp\/v2\/product\/448","targetHints":{"allow":["GET"]}}],"collection":[{"href":"http:\/\/www.voixeditions.com\/index.php?rest_route=\/wp\/v2\/product"}],"about":[{"href":"http:\/\/www.voixeditions.com\/index.php?rest_route=\/wp\/v2\/types\/product"}],"wp:featuredmedia":[{"embeddable":true,"href":"http:\/\/www.voixeditions.com\/index.php?rest_route=\/wp\/v2\/media\/1600"}],"wp:attachment":[{"href":"http:\/\/www.voixeditions.com\/index.php?rest_route=%2Fwp%2Fv2%2Fmedia&parent=448"}],"wp:term":[{"taxonomy":"product_brand","embeddable":true,"href":"http:\/\/www.voixeditions.com\/index.php?rest_route=%2Fwp%2Fv2%2Fproduct_brand&post=448"},{"taxonomy":"product_cat","embeddable":true,"href":"http:\/\/www.voixeditions.com\/index.php?rest_route=%2Fwp%2Fv2%2Fproduct_cat&post=448"},{"taxonomy":"product_tag","embeddable":true,"href":"http:\/\/www.voixeditions.com\/index.php?rest_route=%2Fwp%2Fv2%2Fproduct_tag&post=448"}],"curies":[{"name":"wp","href":"https:\/\/api.w.org\/{rel}","templated":true}]}}