{"id":418,"date":"2013-02-13T14:31:53","date_gmt":"2013-02-13T13:31:53","guid":{"rendered":"http:\/\/www.voixeditions.com\/wordpress\/?post_type=product&#038;p=418"},"modified":"2023-07-04T10:42:08","modified_gmt":"2023-07-04T09:42:08","slug":"anne-pesce","status":"publish","type":"product","link":"http:\/\/www.voixeditions.com\/?product=anne-pesce","title":{"rendered":"PESCE Anne"},"content":{"rendered":"","protected":false},"excerpt":{"rendered":"<p>\u00ab\u00a0ALS ICH CAN\u00a0\u00bb<br \/>\n1993 &#8211; Feuillets doubles pr\u00e9sent\u00e9s en accord\u00e9on<br \/>\n<a href=\"http:\/\/www.centrepompidou.fr\/cpv\/ressource.action;jsessionid=D3F035957B0BE88B40201B1C79D36EED?param.id=id&amp;param.idSource=FR_DO-e7b6333c88b94293ac336c9bf04ca4\" target=\"_blank\" rel=\"noopener\">http:\/\/www.centrepompidou.fr<\/a><\/p>\n","protected":false},"featured_media":1653,"template":"","meta":[],"product_brand":[],"product_cat":[934],"product_tag":[46,66,260,114,965,140,966,967,169,185,968,196,201,203,261,970,971,225,230,972],"class_list":{"0":"post-418","1":"product","2":"type-product","3":"status-publish","4":"has-post-thumbnail","6":"product_cat-poesie-image","7":"product_tag-anne-pesce","8":"product_tag-beaux-arts","9":"product_tag-centre-pompidou","10":"product_tag-editions","11":"product_tag-fireboox","12":"product_tag-images-pre-texte","13":"product_tag-livre","14":"product_tag-livre-dartiste","15":"product_tag-metz","16":"product_tag-particules","17":"product_tag-peinture","18":"product_tag-photo","19":"product_tag-poesie","20":"product_tag-poete","21":"product_tag-pompidou","22":"product_tag-richard-meier","23":"product_tag-texte","24":"product_tag-vente","25":"product_tag-voix-editions","26":"product_tag-voix-editions-richard-meier","28":"first","29":"instock","30":"shipping-taxable","31":"purchasable","32":"product-type-simple"},"_links":{"self":[{"href":"http:\/\/www.voixeditions.com\/index.php?rest_route=\/wp\/v2\/product\/418","targetHints":{"allow":["GET"]}}],"collection":[{"href":"http:\/\/www.voixeditions.com\/index.php?rest_route=\/wp\/v2\/product"}],"about":[{"href":"http:\/\/www.voixeditions.com\/index.php?rest_route=\/wp\/v2\/types\/product"}],"wp:featuredmedia":[{"embeddable":true,"href":"http:\/\/www.voixeditions.com\/index.php?rest_route=\/wp\/v2\/media\/1653"}],"wp:attachment":[{"href":"http:\/\/www.voixeditions.com\/index.php?rest_route=%2Fwp%2Fv2%2Fmedia&parent=418"}],"wp:term":[{"taxonomy":"product_brand","embeddable":true,"href":"http:\/\/www.voixeditions.com\/index.php?rest_route=%2Fwp%2Fv2%2Fproduct_brand&post=418"},{"taxonomy":"product_cat","embeddable":true,"href":"http:\/\/www.voixeditions.com\/index.php?rest_route=%2Fwp%2Fv2%2Fproduct_cat&post=418"},{"taxonomy":"product_tag","embeddable":true,"href":"http:\/\/www.voixeditions.com\/index.php?rest_route=%2Fwp%2Fv2%2Fproduct_tag&post=418"}],"curies":[{"name":"wp","href":"https:\/\/api.w.org\/{rel}","templated":true}]}}