{"id":333,"date":"2012-12-11T15:13:13","date_gmt":"2012-12-11T14:13:13","guid":{"rendered":"http:\/\/www.voixeditions.com\/wordpress\/?post_type=product&#038;p=333"},"modified":"2014-06-29T14:40:44","modified_gmt":"2014-06-29T13:40:44","slug":"barbaut-jacques","status":"publish","type":"product","link":"http:\/\/www.voixeditions.com\/?product=barbaut-jacques","title":{"rendered":"BARBAUT Jacques"},"content":{"rendered":"","protected":false},"excerpt":{"rendered":"<p>\u00ab\u00a0Le cahier d\u00e9charge\u00a0\u00bb &#8211; 2002 &#8211; 144 pages<br \/>\nCe livre r\u00e9unit le go\u00fbt de la chiffe dans la tradition de Baudelaire, le collectage des rebuts et celui du chiffre dans celle de Rimbaud, l&rsquo;agencement des r\u00e9bus ce qui l&rsquo;am\u00e8ne \u00e0 cultiver des coquilles, \u00e0 m\u00e9nager des accouplements, immense vivier \u00e0 interpr\u00e9tations : ces charges ne sont pas toutes confi\u00e9es au lecteur, l&rsquo;auteur prend lui-m\u00eame des risques avec sa propre intimit\u00e9 (cf. par exemple la lecture du pr\u00e9nom de son fils comme double blanc, \u00ab\u00a0carrefour dangereux\u00a0\u00bb) et c&rsquo;est sans doute la grande force de ce livre, bien au-del\u00e0 du projet d\u00e9crit par Olivier Quintyn, dans le n\u00b0 5 de CCP, comme essai de \u00ab\u00a0parvenir \u00e0 un gai non-savoir\u00a0\u00bb. \u00ab\u00a0&#8230;dans l&rsquo;\u00e9num\u00e9ration interminable recopi\u00e9e du tome Ichtyologie d&rsquo;une quelconque encyclop\u00e9die zoologique\u00a0\u00bb (fin de la quatri\u00e8me de couverture), dans le mot \u00ab\u00a0ichtyologie\u00a0\u00bb lui-m\u00eame, Jacques Barbaut a trouv\u00e9 un \u00ab\u00a0ich\u00a0\u00bb, \u00ab\u00a0morceau de poisson\u00a0\u00bb qui est un \u00ab\u00a0je\u00a0\u00bb en allemand et il le laisse prendre au jeu du n\u00f4tre, dune autre (il se d\u00e9lecte, comme Rimbaud again, des \u00e9chos homophoniques et du champ de l&rsquo;entre-langues), d&rsquo;o\u00f9 l&rsquo;\u00e9trange sensation du lecteur : joie inqui\u00e8te du p\u00eacheur p\u00each\u00e9 et&#8230; emp\u00each\u00e9. R\u00e9alisant enfin que Barbaut (\u00e7a rime avec rainbow) est un dr\u00f4le de poisson parce que DOUBLE : non seulement \u00ab\u00a0barbeau\u00a0\u00bb en eau douce mais aussi \u00ab\u00a0beau bar\u00a0\u00bb en mer&#8230;l&rsquo;eau se trouble \u00e0 nouveau.<\/p>\n","protected":false},"featured_media":1803,"template":"","meta":[],"product_brand":[],"product_cat":[32],"product_tag":[62,66,114,115,965,142,966,967,169,968,969,196,201,203,970,213,225,230,972],"class_list":{"0":"post-333","1":"product","2":"type-product","3":"status-publish","4":"has-post-thumbnail","6":"product_cat-1_poesie","7":"product_tag-barbaut","8":"product_tag-beaux-arts","9":"product_tag-editions","10":"product_tag-elne","11":"product_tag-fireboox","12":"product_tag-jacques-barbaut","13":"product_tag-livre","14":"product_tag-livre-dartiste","15":"product_tag-metz","16":"product_tag-peinture","17":"product_tag-perpignan","18":"product_tag-photo","19":"product_tag-poesie","20":"product_tag-poete","21":"product_tag-richard-meier","22":"product_tag-sophie-meier","23":"product_tag-vente","24":"product_tag-voix-editions","25":"product_tag-voix-editions-richard-meier","27":"first","28":"instock","29":"shipping-taxable","30":"purchasable","31":"product-type-simple"},"_links":{"self":[{"href":"http:\/\/www.voixeditions.com\/index.php?rest_route=\/wp\/v2\/product\/333","targetHints":{"allow":["GET"]}}],"collection":[{"href":"http:\/\/www.voixeditions.com\/index.php?rest_route=\/wp\/v2\/product"}],"about":[{"href":"http:\/\/www.voixeditions.com\/index.php?rest_route=\/wp\/v2\/types\/product"}],"wp:featuredmedia":[{"embeddable":true,"href":"http:\/\/www.voixeditions.com\/index.php?rest_route=\/wp\/v2\/media\/1803"}],"wp:attachment":[{"href":"http:\/\/www.voixeditions.com\/index.php?rest_route=%2Fwp%2Fv2%2Fmedia&parent=333"}],"wp:term":[{"taxonomy":"product_brand","embeddable":true,"href":"http:\/\/www.voixeditions.com\/index.php?rest_route=%2Fwp%2Fv2%2Fproduct_brand&post=333"},{"taxonomy":"product_cat","embeddable":true,"href":"http:\/\/www.voixeditions.com\/index.php?rest_route=%2Fwp%2Fv2%2Fproduct_cat&post=333"},{"taxonomy":"product_tag","embeddable":true,"href":"http:\/\/www.voixeditions.com\/index.php?rest_route=%2Fwp%2Fv2%2Fproduct_tag&post=333"}],"curies":[{"name":"wp","href":"https:\/\/api.w.org\/{rel}","templated":true}]}}