{"id":315,"date":"2012-12-11T14:30:44","date_gmt":"2012-12-11T13:30:44","guid":{"rendered":"http:\/\/www.voixeditions.com\/wordpress\/?post_type=product&#038;p=315"},"modified":"2023-07-04T10:40:49","modified_gmt":"2023-07-04T09:40:49","slug":"alocco-marcel-fragmentaires","status":"publish","type":"product","link":"http:\/\/www.voixeditions.com\/?product=alocco-marcel-fragmentaires","title":{"rendered":"ALOCCO Marcel"},"content":{"rendered":"","protected":false},"excerpt":{"rendered":"<p>\u00ab\u00a0Fragmentaires\u00a0\u00bb &#8211; 1995<br \/>\n\u00c0 partir de 1973, il \u00e9labore ses Fragments de La Peinture en Patchwork: le tissu est peint, puis d\u00e9chir\u00e9, remont\u00e9 par couture ou tricotage, traitant en un m\u00eame processus les couleurs, figures et supports li\u00e9s, donnant ainsi pleinement sa sp\u00e9cificit\u00e9 au travail plastique. Le d\u00e9tissage de la toile peinte intervient, \u00e0 partir de 1980, comme moyen de transformation de l&rsquo;image par le d\u00e9placement de fragments de support-couleur.<\/p>\n<p>La technique la plus \u00e9l\u00e9mentaire du patchwork, introduisant une dialectique continu-discontinu, y est annex\u00e9e comme outil d&rsquo;ouverture pour la cr\u00e9ation, ainsi que le souligne Michel Butor: &#8230;\u00a0\u00bbon a chez toi tout un travail sur le d\u00e9chirage du tissu. Ni d\u00e9coupure ni d\u00e9chirure. Car il n&rsquo;y a ni ciseaux ni accrocs.(&#8230;) La toile est libre chez toi autrement que chez les autres peintres, avec ses bords d\u00e9chiquet\u00e9s, frang\u00e9s, qui la font communiquer avec l&rsquo;ext\u00e9rieur\u00a0\u00bb.<\/p>\n","protected":false},"featured_media":1484,"template":"","meta":[],"product_brand":[],"product_cat":[934],"product_tag":[40,41,101,114,965,123,140,966,967,164,970,213,225,230],"class_list":{"0":"post-315","1":"product","2":"type-product","3":"status-publish","4":"has-post-thumbnail","6":"product_cat-poesie-image","7":"product_tag-alocco","8":"product_tag-alocco-marcel","9":"product_tag-cosyworks","10":"product_tag-editions","11":"product_tag-fireboox","12":"product_tag-fragmentaires","13":"product_tag-images-pre-texte","14":"product_tag-livre","15":"product_tag-livre-dartiste","16":"product_tag-marcel","17":"product_tag-richard-meier","18":"product_tag-sophie-meier","19":"product_tag-vente","20":"product_tag-voix-editions","22":"first","23":"instock","24":"shipping-taxable","25":"purchasable","26":"product-type-simple"},"_links":{"self":[{"href":"http:\/\/www.voixeditions.com\/index.php?rest_route=\/wp\/v2\/product\/315","targetHints":{"allow":["GET"]}}],"collection":[{"href":"http:\/\/www.voixeditions.com\/index.php?rest_route=\/wp\/v2\/product"}],"about":[{"href":"http:\/\/www.voixeditions.com\/index.php?rest_route=\/wp\/v2\/types\/product"}],"wp:featuredmedia":[{"embeddable":true,"href":"http:\/\/www.voixeditions.com\/index.php?rest_route=\/wp\/v2\/media\/1484"}],"wp:attachment":[{"href":"http:\/\/www.voixeditions.com\/index.php?rest_route=%2Fwp%2Fv2%2Fmedia&parent=315"}],"wp:term":[{"taxonomy":"product_brand","embeddable":true,"href":"http:\/\/www.voixeditions.com\/index.php?rest_route=%2Fwp%2Fv2%2Fproduct_brand&post=315"},{"taxonomy":"product_cat","embeddable":true,"href":"http:\/\/www.voixeditions.com\/index.php?rest_route=%2Fwp%2Fv2%2Fproduct_cat&post=315"},{"taxonomy":"product_tag","embeddable":true,"href":"http:\/\/www.voixeditions.com\/index.php?rest_route=%2Fwp%2Fv2%2Fproduct_tag&post=315"}],"curies":[{"name":"wp","href":"https:\/\/api.w.org\/{rel}","templated":true}]}}