{"id":1983,"date":"2014-03-06T10:06:43","date_gmt":"2014-03-06T09:06:43","guid":{"rendered":"http:\/\/www.voixeditions.com\/newsite\/?post_type=product&#038;p=1983"},"modified":"2014-03-06T10:06:43","modified_gmt":"2014-03-06T09:06:43","slug":"loubieres-jean-claude","status":"publish","type":"product","link":"http:\/\/www.voixeditions.com\/?product=loubieres-jean-claude","title":{"rendered":"LOUBI\u00c8RES Jean-Claude"},"content":{"rendered":"","protected":false},"excerpt":{"rendered":"<p>\u00ab\u00a0Alu-Galva\u00a0\u00bb &#8211; 1988\/89<br \/>\nDessins &#8211; photos<br \/>\n\u00c9dit\u00e9 \u00e0 l&rsquo;occasion de l&rsquo;exposition Jean-Claude Loubi\u00e8res, sculptures et dessins, \u00e0 Nancy, \u00e0 la Galerie Herv\u00e9 Bize, du 15 septembre au 23 octobre 1989<\/p>\n","protected":false},"featured_media":1986,"template":"","meta":[],"product_brand":[],"product_cat":[30],"product_tag":[963,66,109,114,967,160,169,178,968,230,972],"class_list":{"0":"post-1983","1":"product","2":"type-product","3":"status-publish","4":"has-post-thumbnail","6":"product_cat-4_voir-comme-on-pense","7":"product_tag-artiste","8":"product_tag-beaux-arts","9":"product_tag-dessin","10":"product_tag-editions","11":"product_tag-livre-dartiste","12":"product_tag-loubieres-jean-claude","13":"product_tag-metz","14":"product_tag-nancy","15":"product_tag-peinture","16":"product_tag-voix-editions","17":"product_tag-voix-editions-richard-meier","19":"first","20":"instock","21":"shipping-taxable","22":"purchasable","23":"product-type-simple"},"_links":{"self":[{"href":"http:\/\/www.voixeditions.com\/index.php?rest_route=\/wp\/v2\/product\/1983","targetHints":{"allow":["GET"]}}],"collection":[{"href":"http:\/\/www.voixeditions.com\/index.php?rest_route=\/wp\/v2\/product"}],"about":[{"href":"http:\/\/www.voixeditions.com\/index.php?rest_route=\/wp\/v2\/types\/product"}],"wp:featuredmedia":[{"embeddable":true,"href":"http:\/\/www.voixeditions.com\/index.php?rest_route=\/wp\/v2\/media\/1986"}],"wp:attachment":[{"href":"http:\/\/www.voixeditions.com\/index.php?rest_route=%2Fwp%2Fv2%2Fmedia&parent=1983"}],"wp:term":[{"taxonomy":"product_brand","embeddable":true,"href":"http:\/\/www.voixeditions.com\/index.php?rest_route=%2Fwp%2Fv2%2Fproduct_brand&post=1983"},{"taxonomy":"product_cat","embeddable":true,"href":"http:\/\/www.voixeditions.com\/index.php?rest_route=%2Fwp%2Fv2%2Fproduct_cat&post=1983"},{"taxonomy":"product_tag","embeddable":true,"href":"http:\/\/www.voixeditions.com\/index.php?rest_route=%2Fwp%2Fv2%2Fproduct_tag&post=1983"}],"curies":[{"name":"wp","href":"https:\/\/api.w.org\/{rel}","templated":true}]}}

LOUBIÈRES Jean-Claude

<p>« Alu-Galva » &#8211; 1988/89<br />
Dessins &#8211; photos<br />
Édité à l&rsquo;occasion de l&rsquo;exposition Jean-Claude Loubières, sculptures et dessins, à Nancy, à la Galerie Hervé Bize, du 15 septembre au 23 octobre 1989</p>
