{"id":1853,"date":"2014-03-05T14:40:57","date_gmt":"2014-03-05T13:40:57","guid":{"rendered":"http:\/\/www.voixeditions.com\/newsite\/?post_type=product&#038;p=1853"},"modified":"2014-03-05T14:40:57","modified_gmt":"2014-03-05T13:40:57","slug":"isou-isidore","status":"publish","type":"product","link":"http:\/\/www.voixeditions.com\/?product=isou-isidore","title":{"rendered":"ISOU Isidore"},"content":{"rendered":"","protected":false},"excerpt":{"rendered":"<p>\u00ab\u00a0Critique du collage cubiste, du ready-made et de l&rsquo;objet surr\u00e9aliste du point de vue de la m\u00e9ca-esth\u00e9tique\u00a0\u00bb &#8211; 1996<br \/>\n12 pages &#8211; tirage limit\u00e9 300 exemplaires<\/p>\n","protected":false},"featured_media":1854,"template":"","meta":[],"product_brand":[],"product_cat":[32],"product_tag":[58,481,482,114,478,483,966,484,479,201,480,970,971,230,972],"class_list":{"0":"post-1853","1":"product","2":"type-product","3":"status-publish","4":"has-post-thumbnail","6":"product_cat-1_poesie","7":"product_tag-auteur","8":"product_tag-collage-cubiste","9":"product_tag-critique","10":"product_tag-editions","11":"product_tag-isidore-isou","12":"product_tag-lettriste","13":"product_tag-livre","14":"product_tag-marcel-duchamp","15":"product_tag-meca-esthetique","16":"product_tag-poesie","17":"product_tag-ready-made","18":"product_tag-richard-meier","19":"product_tag-texte","20":"product_tag-voix-editions","21":"product_tag-voix-editions-richard-meier","23":"first","24":"instock","25":"shipping-taxable","26":"purchasable","27":"product-type-simple"},"_links":{"self":[{"href":"http:\/\/www.voixeditions.com\/index.php?rest_route=\/wp\/v2\/product\/1853","targetHints":{"allow":["GET"]}}],"collection":[{"href":"http:\/\/www.voixeditions.com\/index.php?rest_route=\/wp\/v2\/product"}],"about":[{"href":"http:\/\/www.voixeditions.com\/index.php?rest_route=\/wp\/v2\/types\/product"}],"wp:featuredmedia":[{"embeddable":true,"href":"http:\/\/www.voixeditions.com\/index.php?rest_route=\/wp\/v2\/media\/1854"}],"wp:attachment":[{"href":"http:\/\/www.voixeditions.com\/index.php?rest_route=%2Fwp%2Fv2%2Fmedia&parent=1853"}],"wp:term":[{"taxonomy":"product_brand","embeddable":true,"href":"http:\/\/www.voixeditions.com\/index.php?rest_route=%2Fwp%2Fv2%2Fproduct_brand&post=1853"},{"taxonomy":"product_cat","embeddable":true,"href":"http:\/\/www.voixeditions.com\/index.php?rest_route=%2Fwp%2Fv2%2Fproduct_cat&post=1853"},{"taxonomy":"product_tag","embeddable":true,"href":"http:\/\/www.voixeditions.com\/index.php?rest_route=%2Fwp%2Fv2%2Fproduct_tag&post=1853"}],"curies":[{"name":"wp","href":"https:\/\/api.w.org\/{rel}","templated":true}]}}