{"id":1819,"date":"2014-03-05T13:17:49","date_gmt":"2014-03-05T12:17:49","guid":{"rendered":"http:\/\/www.voixeditions.com\/newsite\/?post_type=product&#038;p=1819"},"modified":"2014-03-05T13:17:49","modified_gmt":"2014-03-05T12:17:49","slug":"bobillot-jean-pierre","status":"publish","type":"product","link":"http:\/\/www.voixeditions.com\/?product=bobillot-jean-pierre","title":{"rendered":"BOBILLOT Jean-Pierre"},"content":{"rendered":"","protected":false},"excerpt":{"rendered":"<p>\u00ab\u00a0Tombeau d&rsquo;Isidore Ducasse\u00a0\u00bb<\/p>\n<div>Recoeil \u00e0 r\u00e9daction lente (larve du pou\u00a0!), ce Tombeau qui pourrait aussi bien \u00eatre un Berceau incorpore formes br\u00e8ves (mais surtout pas ha\u00efkus\u00a0!\u2026), d\u00e9tournements mineurs, manipulations minimales, voire minimalistes\u00a0: calembours, contrep\u00e8teries, m\u00e9tath\u00e8ses, tm\u00e8ses &amp; autres catachr\u00e8ses \u2013 mais aussi\u00a0: pens\u00e9es sur la moquette, maximes, apophtegmes &amp; sentences, slogans, po\u00e8mes trouv\u00e9s, po\u00e8mes \u00e0 voir, po\u00e8mes en prose, po\u00e8mes tout court &amp; (pour faire bonne mesure\u2026) \u00ab\u00a0Po\u00e8me trop long\u00a0\u00bb.<\/div>\n<div>Cailloux de Petit-Poulset\u00a0: comme autant de fragments qui jalonnent ou scandent un itin\u00e9raire hasardeux \u2013 sentiers plut\u00f4t qu\u2019Autobahn, fourr\u00e9s touffus, touffeurs fourr\u00e9es, brusques \u00e9chapp\u00e9es plut\u00f4t qu\u2019enveloppantes perspectives, \u00e0 l\u2019improbable trac\u00e9 parmi l\u2019irrespirable Amazonie des discours &amp; des dogmes \u2013 que l\u2019auteur parmi d\u2019autres d\u00e9fricha (\u00e0 mains nues) pr\u00e8s de 20 ans durant. C\u2019est donc\u00a0: un manifeste, discr\u00e8tement doubl\u00e9 d\u2019un pamphlet, dont il emprunte quelquefois le ton ou le tour. Alain Helissen<\/div>\n","protected":false},"featured_media":1822,"template":"","meta":[],"product_brand":[],"product_cat":[34],"product_tag":[27,58,449,114,966,201,970,971,226,230,972],"class_list":{"0":"post-1819","1":"product","2":"type-product","3":"status-publish","4":"has-post-thumbnail","6":"product_cat-5_vents-contraires","7":"product_tag-alain-helissen","8":"product_tag-auteur","9":"product_tag-bobillot-jean-pierre","10":"product_tag-editions","11":"product_tag-livre","12":"product_tag-poesie","13":"product_tag-richard-meier","14":"product_tag-texte","15":"product_tag-vents-contraires","16":"product_tag-voix-editions","17":"product_tag-voix-editions-richard-meier","19":"first","20":"instock","21":"shipping-taxable","22":"purchasable","23":"product-type-simple"},"_links":{"self":[{"href":"http:\/\/www.voixeditions.com\/index.php?rest_route=\/wp\/v2\/product\/1819","targetHints":{"allow":["GET"]}}],"collection":[{"href":"http:\/\/www.voixeditions.com\/index.php?rest_route=\/wp\/v2\/product"}],"about":[{"href":"http:\/\/www.voixeditions.com\/index.php?rest_route=\/wp\/v2\/types\/product"}],"wp:featuredmedia":[{"embeddable":true,"href":"http:\/\/www.voixeditions.com\/index.php?rest_route=\/wp\/v2\/media\/1822"}],"wp:attachment":[{"href":"http:\/\/www.voixeditions.com\/index.php?rest_route=%2Fwp%2Fv2%2Fmedia&parent=1819"}],"wp:term":[{"taxonomy":"product_brand","embeddable":true,"href":"http:\/\/www.voixeditions.com\/index.php?rest_route=%2Fwp%2Fv2%2Fproduct_brand&post=1819"},{"taxonomy":"product_cat","embeddable":true,"href":"http:\/\/www.voixeditions.com\/index.php?rest_route=%2Fwp%2Fv2%2Fproduct_cat&post=1819"},{"taxonomy":"product_tag","embeddable":true,"href":"http:\/\/www.voixeditions.com\/index.php?rest_route=%2Fwp%2Fv2%2Fproduct_tag&post=1819"}],"curies":[{"name":"wp","href":"https:\/\/api.w.org\/{rel}","templated":true}]}}