{"id":1809,"date":"2014-03-05T12:45:17","date_gmt":"2014-03-05T11:45:17","guid":{"rendered":"http:\/\/www.voixeditions.com\/newsite\/?post_type=product&#038;p=1809"},"modified":"2014-03-05T12:45:17","modified_gmt":"2014-03-05T11:45:17","slug":"lavrille-jean-luc","status":"publish","type":"product","link":"http:\/\/www.voixeditions.com\/?product=lavrille-jean-luc","title":{"rendered":"LAVRILLE Jean-Luc"},"content":{"rendered":"","protected":false},"excerpt":{"rendered":"<p>\u00ab\u00a0Equatorze\u00a0\u00bb<br \/>\n202 pages<\/p>\n<div>Le chiffre\u00a0: il s\u2019agit de 14 \u2013quatorze\u00a0(2 fois les 7 p\u00e9ch\u00e9s capitEux\u00a0?)<\/div>\n<div>Nombre oblig\u00e9 de vers d\u2019un sonnet<\/div>\n<div>Qui se clone\u00a0: 14 s\u00e9ries de 14 sonnets<\/div>\n<div>Mais aussi d\u00e9clinaison du patronyme et de param\u00e8tres personnels\u00a0: n\u00e9 un 14 avril et de quatorze glisser phon\u00e9tiquement sur \u00e9quateur ligne o\u00f9 s\u2019inverse la gravitation et la lumi\u00e8re puisque il s\u2019agit de traverser cette forme historique du sonnet\u00a0: l\u2019aspect formel est investi,\u00a0la forme est point\u00e9e parce qu\u2019elle est le rempart \u00e0 la barbarie mais d\u00e9tricot\u00e9e parce que sa syst\u00e9matisation \u00e9toufferait la voix qui y est accueillie<\/div>\n<div>Autobiographie tant psychique que sensuelle\u00a0: depuis Du Bellay la forme sonnet montre une subjectivit\u00e9 en recherche\u00a0: dans Equatorze l\u2019ambition et de montrer une subjectivit\u00e9\u00a0(re\u00a0?)trouv\u00e9e<\/div>\n<div>La pudeur\u00a0: lyrisme retenu et solitude ontologique u-topie \u00e9teinte\u00a0: pas d\u2019image de mon d\u00e9sir c\u2019est la mise en forme qui le repr\u00e9sente<\/div>\n<div>La violence\u00a0: traitement des phrases,\u00a0\u00a0 parfois leur contenu,\u00a0\u00a0 le souvenir- affect ou au contraire l\u2019insignifiance du propos<\/div>\n<div>Cette violence plus ou moins explicite est aussi celle du conflit entre r\u00e9cit et discours le fil du rasoir et aussi fil conducteur\u00a0:<\/div>\n<div>\u00a0le souvenir (lieu temporel)<\/div>\n<div>\u00a0le sonnet forme de ce lieu\u00a0(qui fixe les \u00e9pisodes de ce\u00a0conflit\u00a0: l\u2019autobiographie \u2013lieux-origines sont les coordonn\u00e9es qui feront sens , organiseront le texte)<\/div>\n<div>\u00a0\u00a0\u00a0\u00a0\u00a0 \u00e9criture carbone quatorze qui date ces \u00e9clats de vie (chaque sonnet est un bloc d\u2019affects de sons d\u2019images\u2014sensuel et sens\u00e9) mais\u00a0ces corps radioactifs ne livrent pas leur secret\u00a0: le dernier vers in fine\u00a0le renforce le d\u00e9sint\u00e8gre ou encore en suspend la r\u00e9solution<\/div>\n<div>rien ne serait intelligible\u00a0? c\u2019est l\u2019interrogation du rapport au corps\u00a0au sensible dont chaque sonnet\u00a0est un exercice et qui montre combien le corps est mal arrim\u00e9 \u00e0 l\u2019\u00e2me\u00a0:\u00a0\u00a0 ligne de bascule o\u00f9 tout se fragilise ligne du d\u00e9sir l\u2019\u00e9quateur imaginaire du n\u00e9gatif op\u00e9ratoire<\/div>\n<div><\/div>\n<p>jean-luc lavrille<\/p>\n","protected":false},"featured_media":1810,"template":"","meta":[],"product_brand":[],"product_cat":[34],"product_tag":[27,58,114,445,966,967,201,203,970,971,226,230,972],"class_list":{"0":"post-1809","1":"product","2":"type-product","3":"status-publish","4":"has-post-thumbnail","6":"product_cat-5_vents-contraires","7":"product_tag-alain-helissen","8":"product_tag-auteur","9":"product_tag-editions","10":"product_tag-lavrille-jean-luc","11":"product_tag-livre","12":"product_tag-livre-dartiste","13":"product_tag-poesie","14":"product_tag-poete","15":"product_tag-richard-meier","16":"product_tag-texte","17":"product_tag-vents-contraires","18":"product_tag-voix-editions","19":"product_tag-voix-editions-richard-meier","21":"first","22":"instock","23":"shipping-taxable","24":"purchasable","25":"product-type-simple"},"_links":{"self":[{"href":"http:\/\/www.voixeditions.com\/index.php?rest_route=\/wp\/v2\/product\/1809","targetHints":{"allow":["GET"]}}],"collection":[{"href":"http:\/\/www.voixeditions.com\/index.php?rest_route=\/wp\/v2\/product"}],"about":[{"href":"http:\/\/www.voixeditions.com\/index.php?rest_route=\/wp\/v2\/types\/product"}],"wp:featuredmedia":[{"embeddable":true,"href":"http:\/\/www.voixeditions.com\/index.php?rest_route=\/wp\/v2\/media\/1810"}],"wp:attachment":[{"href":"http:\/\/www.voixeditions.com\/index.php?rest_route=%2Fwp%2Fv2%2Fmedia&parent=1809"}],"wp:term":[{"taxonomy":"product_brand","embeddable":true,"href":"http:\/\/www.voixeditions.com\/index.php?rest_route=%2Fwp%2Fv2%2Fproduct_brand&post=1809"},{"taxonomy":"product_cat","embeddable":true,"href":"http:\/\/www.voixeditions.com\/index.php?rest_route=%2Fwp%2Fv2%2Fproduct_cat&post=1809"},{"taxonomy":"product_tag","embeddable":true,"href":"http:\/\/www.voixeditions.com\/index.php?rest_route=%2Fwp%2Fv2%2Fproduct_tag&post=1809"}],"curies":[{"name":"wp","href":"https:\/\/api.w.org\/{rel}","templated":true}]}}